{"id":904,"date":"2024-10-08T23:32:56","date_gmt":"2024-10-08T23:32:56","guid":{"rendered":"http:\/\/sitio24.gloce.mx\/?post_type=product&#038;p=904"},"modified":"2024-11-13T23:05:03","modified_gmt":"2024-11-13T23:05:03","slug":"folios-de-registro-internacional-para-entidades-con-licencia-internacional-para-emitir-certificados-internacionales-3","status":"publish","type":"product","link":"http:\/\/sitio24.gloce.mx\/index.php\/producto\/folios-de-registro-internacional-para-entidades-con-licencia-internacional-para-emitir-certificados-internacionales-3\/","title":{"rendered":"Folios de Registro Internacional para Entidades con Licencia Internacional para Emitir Certificados Internacionales"},"content":{"rendered":"<p><strong>Folios de Registro Internacional para Entidades con Licencia Internacional para Emitir Certificados Internacionales, que permite validar el evento, tema, categor\u00eda o nombre de la persona a quien le fue dirigido dicho documento: (Todos con Registro en el Sistema de Validaci\u00f3n y Certificaci\u00f3n Mundial).<\/strong><\/p>\n<ul>\n<li>Emisiones<strong> de\u00a01001 Certificados Internacionales en adelante <\/strong>con Folio de Registro Personal.<\/li>\n<li><strong>$1,500.00<\/strong> por cada uno<\/li>\n<\/ul>\n","protected":false},"excerpt":{"rendered":"<p><strong>Folios de Registro Internacional para Entidades con Licencia Internacional para Emitir Certificados Internacionales.<\/strong><\/p>\n<ul>\n<li>Emisiones<strong> de\u00a01001 Certificados Internacionales en adelante <\/strong>con Folio de Registro Personal.<\/li>\n<\/ul>\n","protected":false},"featured_media":1202,"comment_status":"open","ping_status":"closed","template":"","meta":[],"product_cat":[20],"product_tag":[],"class_list":{"0":"post-904","1":"product","2":"type-product","3":"status-publish","4":"has-post-thumbnail","6":"product_cat-gloce","8":"first","9":"instock","10":"virtual","11":"purchasable","12":"product-type-simple"},"group_of_quantity":0,"min_quantity":1001,"max_quantity":"","exclude_order_quantity_value_rules":"no","exclude_category_quantity_rules":"no","combine_variations":"no","lang":"es","translations":{"es":904,"en":1183},"jetpack_sharing_enabled":true,"pll_sync_post":[],"_links":{"self":[{"href":"http:\/\/sitio24.gloce.mx\/index.php\/wp-json\/wp\/v2\/product\/904","targetHints":{"allow":["GET"]}}],"collection":[{"href":"http:\/\/sitio24.gloce.mx\/index.php\/wp-json\/wp\/v2\/product"}],"about":[{"href":"http:\/\/sitio24.gloce.mx\/index.php\/wp-json\/wp\/v2\/types\/product"}],"replies":[{"embeddable":true,"href":"http:\/\/sitio24.gloce.mx\/index.php\/wp-json\/wp\/v2\/comments?post=904"}],"version-history":[{"count":5,"href":"http:\/\/sitio24.gloce.mx\/index.php\/wp-json\/wp\/v2\/product\/904\/revisions"}],"predecessor-version":[{"id":1224,"href":"http:\/\/sitio24.gloce.mx\/index.php\/wp-json\/wp\/v2\/product\/904\/revisions\/1224"}],"wp:featuredmedia":[{"embeddable":true,"href":"http:\/\/sitio24.gloce.mx\/index.php\/wp-json\/wp\/v2\/media\/1202"}],"wp:attachment":[{"href":"http:\/\/sitio24.gloce.mx\/index.php\/wp-json\/wp\/v2\/media?parent=904"}],"wp:term":[{"taxonomy":"product_cat","embeddable":true,"href":"http:\/\/sitio24.gloce.mx\/index.php\/wp-json\/wp\/v2\/product_cat?post=904"},{"taxonomy":"product_tag","embeddable":true,"href":"http:\/\/sitio24.gloce.mx\/index.php\/wp-json\/wp\/v2\/product_tag?post=904"}],"curies":[{"name":"wp","href":"https:\/\/api.w.org\/{rel}","templated":true}]}}